{"id":5,"date":"2022-05-09T18:46:45","date_gmt":"2022-05-09T18:46:45","guid":{"rendered":"https:\/\/rueger-immobilien.de\/?page_id=5"},"modified":"2024-09-08T08:42:56","modified_gmt":"2024-09-08T08:42:56","slug":"willkommen-auf-https-rueger-immobilien-de","status":"publish","type":"page","link":"https:\/\/rueger-immobilien.de\/","title":{"rendered":"R\u00fcger Immobilien"},"content":{"rendered":"<p>[et_pb_section fb_built=&#8220;1&#8243; _builder_version=&#8220;4.17.4&#8243; _module_preset=&#8220;default&#8220; global_colors_info=&#8220;{}&#8220;][et_pb_row _builder_version=&#8220;4.17.4&#8243; _module_preset=&#8220;default&#8220; global_colors_info=&#8220;{}&#8220;][et_pb_column type=&#8220;4_4&#8243; _builder_version=&#8220;4.17.4&#8243; _module_preset=&#8220;default&#8220; global_colors_info=&#8220;{}&#8220;][et_pb_text _builder_version=&#8220;4.17.4&#8243; _module_preset=&#8220;default&#8220; text_font=&#8220;rueger||||||||&#8220; global_colors_info=&#8220;{}&#8220;]<\/p>\n<pre><\/pre>\n<p><strong><\/strong><\/p>\n<h3><strong>\u00dcber mich<\/strong><\/h3>\n<p>Nach Abschluss meines Magisterstudiums der Slavischen Philologie an der Universit\u00e4t zu K\u00f6ln bin ich 1995 in die Immobilienwirtschaft gewechselt und habe in den verschiedensten Bereichen vom Bautr\u00e4gergesch\u00e4ft \u00fcber den Vertrieb bis zur WEG- und Mietverwaltung vielf\u00e4ltige, praxisbezogene Erfahrung gesammelt. Seit 2003 habe ich unter dem Label &#8222;no-fish&#8220; als selbst\u00e4ndige Wohnungsverwalterin gearbeitet, diese T\u00e4tigkeit habe ich zum Ende des Jahres 2022 eingestellt. \u00a0Seit 2010 arbeite ich als Maklerin, \u00fcberwiegend f\u00fcr Wohnimmoblien im Berliner Raum.<\/p>\n<p>&nbsp;<\/p>\n<h3><strong>Maklert\u00e4tigkeit<\/strong><\/h3>\n<p>Wenn Sie pers\u00f6nliche Betreuung und Hilfestellung gegen\u00fcber einem reinen Immobilienvertrieb bevorzugen, sind Sie hier richtig, egal ob als Verk\u00e4ufer oder K\u00e4ufer. Ich kenne den Berliner Markt seit 1995 und habe \u00fcber die Jahre ein solides und verl\u00e4ssliches Netzwerk aufgebaut.<\/p>\n<p>Objekte werden von mir gr\u00fcndlich gepr\u00fcft, bevor ich sie ins Angebot nehme, und gerne suche ich auch eine passende Immobilie f\u00fcr Interessenten, die nicht in Berlin leben, f\u00fchre f\u00fcr sie Erstbesichtigungen durch, pr\u00fcfe die Objektunterlagen und begleite den Kauf.<\/p>\n<p>Englischsprachige Kunden sind willkommen.<\/p>\n<p>&nbsp;<\/p>\n<p>[\/et_pb_text][\/et_pb_column][\/et_pb_row][et_pb_row _builder_version=&#8220;4.17.4&#8243; _module_preset=&#8220;default&#8220; global_colors_info=&#8220;{}&#8220;][et_pb_column type=&#8220;4_4&#8243; _builder_version=&#8220;4.17.4&#8243; _module_preset=&#8220;default&#8220; global_colors_info=&#8220;{}&#8220;][et_pb_image src=&#8220;https:\/\/rueger-immobilien.de\/wp-content\/uploads\/2022\/05\/0W6A9653.jpg&#8220; _builder_version=&#8220;4.17.4&#8243; _module_preset=&#8220;default&#8220; global_colors_info=&#8220;{}&#8220;][\/et_pb_image][\/et_pb_column][\/et_pb_row][\/et_pb_section]<\/p>\n","protected":false},"excerpt":{"rendered":"<p>\u00dcber mich Nach Abschluss meines Magisterstudiums der Slavischen Philologie an der Universit\u00e4t zu K\u00f6ln bin ich 1995 in die Immobilienwirtschaft gewechselt und habe in den verschiedensten Bereichen vom Bautr\u00e4gergesch\u00e4ft \u00fcber [&hellip;]<\/p>\n","protected":false},"author":1,"featured_media":0,"parent":0,"menu_order":0,"comment_status":"closed","ping_status":"closed","template":"","meta":{"_et_pb_use_builder":"on","_et_pb_old_content":"<!-- wp:paragraph -->\n<p>Dies ist deine Homepage. Sie unterscheidet sich von Beitr\u00e4gen, da sie stets an derselben Stelle bleibt und (bei den meisten Themes) in der Website-Navigation angezeigt wird.<\/p>\n<!-- \/wp:paragraph -->\n\n<!-- wp:paragraph -->\n<p>Als angemeldeter WordPress Nutzer kannst du diese Seite \u00fcber den <strong>Seite bearbeiten<\/strong> Link in der Toolbar, anpassen. Du kannst die Seite nutzen um dich bzw. deine Firma deinen m\u00f6glichen Besucher vorzustellen. Dort k\u00f6nnte zum Beispiel stehen:<\/p>\n<!-- \/wp:paragraph -->\n\n<!-- wp:quote -->\n<blockquote class=\"wp-block-quote\"><p>Hallo! Ich bin tags\u00fcber im Kurierdienst t\u00e4tig, nachts widme ich mich der Schauspielkunst, und das ist meine Website. Ich lebe in einer Gro\u00dfstadt, habe einen tollen Hund und ich mag Getr\u00e4nke mit Schirmchen (aber nicht ohne Schirm im Regen zu stehen).<\/p><\/blockquote>\n<!-- \/wp:quote -->\n\n<!-- wp:paragraph -->\n<p>...oder so etwas wie das hier:<\/p>\n<!-- \/wp:paragraph -->\n\n<!-- wp:quote -->\n<blockquote class=\"wp-block-quote\"><p>Das Unternehmen XYZ wurde 1971 gegr\u00fcndet und versorgt die \u00d6ffentlichkeit seither mit qualitativ hochwertigen Produkten. An seinem Standort in einer kleinen Gro\u00dfstadt besch\u00e4ftigt der Betrieb \u00fcber 2.000 Menschen und unterst\u00fctzt die Stadtbewohner in vielfacher Hinsicht.<\/p><\/blockquote>\n<!-- \/wp:quote -->\n\n<!-- wp:paragraph -->\n<p>Solltest du es bevorzugen, die neusten Artikel auf deiner Startseite zu pr\u00e4sentieren, solltest du in deinen <a href=\"https:\/\/rueger-immobilien.de\/wp-admin\/options-reading.php\">Einstellungen<\/a> unter \u201eDeine Startseite zeigt\u201c die Option \u201eDeine letzten Beitr\u00e4ge\u201c ausw\u00e4hlen.<\/p>\n<!-- \/wp:paragraph -->\n\n<!-- wp:paragraph -->\n<p>Viel Spa\u00df!<\/p>\n<!-- \/wp:paragraph -->","_et_gb_content_width":"","footnotes":""},"class_list":["post-5","page","type-page","status-publish","hentry"],"_links":{"self":[{"href":"https:\/\/rueger-immobilien.de\/index.php?rest_route=\/wp\/v2\/pages\/5","targetHints":{"allow":["GET"]}}],"collection":[{"href":"https:\/\/rueger-immobilien.de\/index.php?rest_route=\/wp\/v2\/pages"}],"about":[{"href":"https:\/\/rueger-immobilien.de\/index.php?rest_route=\/wp\/v2\/types\/page"}],"author":[{"embeddable":true,"href":"https:\/\/rueger-immobilien.de\/index.php?rest_route=\/wp\/v2\/users\/1"}],"replies":[{"embeddable":true,"href":"https:\/\/rueger-immobilien.de\/index.php?rest_route=%2Fwp%2Fv2%2Fcomments&post=5"}],"version-history":[{"count":21,"href":"https:\/\/rueger-immobilien.de\/index.php?rest_route=\/wp\/v2\/pages\/5\/revisions"}],"predecessor-version":[{"id":330,"href":"https:\/\/rueger-immobilien.de\/index.php?rest_route=\/wp\/v2\/pages\/5\/revisions\/330"}],"wp:attachment":[{"href":"https:\/\/rueger-immobilien.de\/index.php?rest_route=%2Fwp%2Fv2%2Fmedia&parent=5"}],"curies":[{"name":"wp","href":"https:\/\/api.w.org\/{rel}","templated":true}]}}